
5
Let x = -578 - -588. Suppose -24*n + 38 + x = 0. Suppose -h + 15 = 5*c, c = -4*h - 0 + 22. What is the highest common factor of c and n?
2
Suppose -d = -b + 1511, -27*b + 31*b - 6050 = 3*d. Calculate the highest common divisor of 185 and b.
37
Let l = 33529 - 29458. Calculate the greatest common factor of 92 and l.
23
Let x = -207 + 147. Let o = 109 + x. Suppose 379*s - 17744 = 88254 + 23999. Calculate the greatest common factor of s and o.
49
Suppose -472*l + 471*l = 5*d - 5791, 4*d - 4636 = -4*l. Calculate the highest common divisor of 48 and d.
6
Let s(m) = -m**3 + 8*m**2 + 8*m + 12. Let f be (18/8)/((-2)/(-8)). Let q be s(f). Let b = 48 - 39. Calculate the highest common factor of b and q.
3
Suppose 0 = 3*r - 84 - 42. Let o(f) = -667*f + 60767. Let s be o(91). Calculate the greatest common factor of s and r.
14
Suppose 2*u + 12 = 46. Let k(a) = a**2 - 15*a + 10. Let c be k(u). Let x = c - 9. Calculate the greatest common factor of 14 and x.
7
Let p(d) = 248*d**2 - 1688*d + 7. Let b be p(7). Calculate the highest common factor of 91 and b.
7
Let a be 5/(-30) + 1825/6. Suppose -2*g - 8*v + 248 = -4*v, 0 = -2*g - 2*v + 238. What is the greatest common factor of g and a?
38
Let k be (18 - 22)*(1 + -2). Suppose -2012 = -k*m + 4*j, m - 16*j = -14*j + 502. What is the greatest common factor of m and 18?
18
Suppose 3*k = -3*z - 165 - 783, 4*z = -3*k - 1264. Let g be z/(-7) + 6/(-42). Let i be 36/3*2/(8/10). What is the highest common factor of i and g?
15
Let n = 14 - 13. Let t(r) = -n - 6*r + 6 - 5*r**2 + 1 + 6*r**2. Let g be t(5). Calculate the greatest common divisor of 4 and g.
1
Suppose 0 = -37*y - 1935 + 6856. What is the greatest common divisor of y and 581?
7
Suppose -2*o + 233 = 5*o - 159. What is the greatest common factor of o and 1064?
56
Let h = 6175 + -4838. Calculate the highest common divisor of 28 and h.
7
Let k = 116 - 93. Suppose 4*a - 55 + k = 0. Calculate the greatest common factor of 88 and a.
8
Suppose 0 = -178*j + 176*j + 182. Let o = j + -80. Calculate the highest common factor of o and 11.
11
Suppose -8 = 2*g, 15*r - 18 = 13*r + 3*g. Let j be (135 - 1) + ((-49)/(-7) - r). Calculate the greatest common divisor of j and 3.
3
Suppose 5*r - 3*d = 216, 4*r + 4*d - 2*d - 208 = 0. Let i be -1*(-2 - -1)*9. Suppose -2*n = -5*n + i. Calculate the greatest common factor of r and n.
3
Suppose -12616 = 29*a - 102*a - 3929. Suppose -5*g = o - 3*g - 11, 15 = -3*g. Calculate the highest common divisor of o and a.
7
Let m be (12/(-5))/(1552/390 - 4). Calculate the highest common factor of m and 495.
9
Suppose 0 = -15*d + 14*d - 5. Let w be (-1 - 101)/((-69)/12 - d). Calculate the highest common divisor of 32 and w.
8
Let i be (-2574)/(-13) - (-3)/(-1). Let b = 52 - 49. Suppose -2*l + 159 - b = 0. What is the greatest common factor of i and l?
39
Suppose 144*p - 139*p - 110 = 0. Suppose 552 = -18*y + p*y. Calculate the greatest common divisor of y and 322.
46
Let i = 107 - 101. Suppose -21*x + i = -19*x. Calculate the greatest common factor of 129 and x.
3
Let m be 13*(-4)/(4/(-5)). Let r be 44/12 + 2/6. Let s be ((-13)/(-2))/(-1 - (-6)/r). Calculate the highest common factor of m and s.
13
Suppose -2*a + 8 = 0, 0 = -4*j + a - 4*a + 88. Suppose 6 - 1 = 5*n. Let k be (27/(-3))/(n/(-19)). What is the greatest common divisor of j and k?
19
Let h = 37 + -29. Suppose 3*a - h - 28 = 0. Suppose 6*l - l - 600 = 0. What is the greatest common divisor of l and a?
12
Let c be ((-585)/(-273))/(12/112). Calculate the greatest common factor of 1152 and c.
4
Let m = -81 - -161. Let o(h) = -29*h + 42. Let j be o(5). Let g = -93 - j. Calculate the highest common factor of g and m.
10
Suppose 0 = 129*l - 17*l - 22877 + 7981. Calculate the greatest common factor of 456 and l.
19
Let g(a) = -a**2 - 12*a - 5. Suppose y - 15 = 5*d, y + 7 - 18 = 4*d. Let n be g(y). What is the greatest common divisor of 255 and n?
15
Let r be ((-207)/(-24) - (-42)/112) + 5904. Calculate the greatest common factor of r and 81.
81
Let w be 8/(-10) + (-21450)/(-250). Suppose -8*j + 3*j + 285 = 0. Let o = w - j. Calculate the greatest common divisor of 4 and o.
4
Let r be 2/(-4) + ((-69836)/16 - 15)*-2. Calculate the greatest common factor of r and 171.
19
Suppose 0 = -3*n + n + 52. Suppose -15*f + 10*f + 1125 = 0. Suppose 7*m - f = -43. What is the greatest common divisor of n and m?
26
Let g(f) = f**3 - 13*f**2 + 13*f - 14. Let z be g(5). Let p = z + 157. What is the greatest common factor of p and 6?
2
Let h = -2404 + 2456. What is the highest common factor of 1118 and h?
26
Let z(u) = 28*u**2 - 245*u - 491. Let b be z(-2). What is the greatest common factor of b and 3737?
37
Suppose 2615 = n - 48*v + 53*v, 2*v - 13190 = -5*n. Calculate the highest common factor of n and 110.
110
Let h(i) = 2*i**2 - 20*i + 160. Let g be h(13). What is the highest common factor of g and 14?
14
Let l be 3/(-6) - (-271931)/838. What is the greatest common factor of 8964 and l?
108
Let z = -4585 + 7863. Calculate the highest common factor of 44 and z.
22
Let c(j) = j**3 + 32*j**2 + 49*j + 92. Let k be c(-29). What is the highest common divisor of 30 and k?
6
Suppose 0 = -135*n - 264192 + 985578 + 280584. What is the greatest common factor of n and 6?
6
Suppose -12*z - 486 = -3*z. Let a = z - -70. Calculate the greatest common divisor of a and 12.
4
Let k = 339 + -238. Suppose 0 = k*y - 108*y + 112. Let t(v) = -6*v**3 - 2*v**2 + v + 3. Let u be t(-3). What is the highest common divisor of u and y?
16
Let d(z) = z - 3*z + 0*z - 38 - z. Let i be d(-28). What is the greatest common divisor of 2 and i?
2
Suppose -27*t + 29*t = 10. Suppose 3*d - 203 = 3*u - t*u, 4*d - 5*u - 240 = 0. What is the greatest common factor of 15 and d?
5
Let a be -135 - 3 - (0 - 3). Let g be (-522)/a + (-4)/(-30). Suppose 4*f + g*l = 156, -3*l + 6 = 3. What is the greatest common factor of 57 and f?
19
Let r be 8/12*18/(-4). Let n be r - (-580 - (-3 + 5)). Suppose 0 = -17*g + 3299 - n. What is the highest common divisor of g and 20?
20
Let p be (1408/10)/((-13788)/1380 - -10). Calculate the greatest common divisor of p and 253.
253
Suppose -i + 7*z + 18 = 6*z, -5*i = 4*z - 81. Suppose -96 = -i*y + 11*y. What is the greatest common divisor of 64 and y?
16
Let g(j) = j**2 + 16*j + 4. Let z be g(-16). Suppose -6*o + z = -8*o. Let u be ((-19)/o)/(1/2). What is the greatest common factor of u and 152?
19
Let z be 62*(3 - 1778/(-28)). Calculate the greatest common divisor of z and 399.
133
Let l be (-620)/(-15) - (-432)/162. Calculate the highest common divisor of 6754 and l.
22
Let p = 3230 - -541. Calculate the highest common factor of 36 and p.
9
Let n = 5818 - 5653. What is the highest common divisor of 1045 and n?
55
Let j be (5/2 - 7/2) + 11. Suppose 8*d - 2520 = -j*d. Calculate the greatest common factor of d and 80.
20
Let i be 167/2 - (-9)/18. Let g = 6 - 3. Let a be 1/((-9)/(-84))*g. What is the highest common divisor of i and a?
28
Let v = -75 - -103. Let d(m) = -3*m**3 - m - 5. Let f be 2 - (-1 + 4) - 1. Let h be d(f). What is the greatest common divisor of h and v?
7
Suppose -2*u + 2*w = -426, -w + 530 = -4*u + 1373. Suppose u = x + 4*x. Let a(c) = -7*c - 455. Let l be a(-67). Calculate the highest common divisor of l and x.
14
Let k(d) = 6*d**2 - 15. Let p be k(-6). Suppose -p = -20*w + 239. What is the greatest common factor of 88 and w?
22
Suppose -2*c = -0*m + 2*m - 410, -3*m = -4*c + 820. Suppose -c = -7*d - 100. Let z = -45 - -120. What is the highest common divisor of z and d?
15
Suppose -1912 - 338 = -106*o - 44*o. What is the highest common divisor of 1065 and o?
15
Let s(c) = 17*c - 24. Let w be s(-5). Let m = w - -371. Suppose -m - 8 = -15*u. Calculate the greatest common divisor of 18 and u.
18
Let y be (16 - 8)/4 - -49. What is the greatest common factor of 7701 and y?
51
Let q be (5 - 44/8)*2 + 4. Suppose 0*z = 4*z - 3*d - 692, q*d = -z + 188. What is the greatest common factor of 110 and z?
22
Let l be (-25)/(-100)*(-254)/(-2 - 6/(-4)). What is the greatest common divisor of 13843 and l?
127
Let f = -9418 - -10336. What is the greatest common divisor of 408 and f?
102
Let h(q) = 644*q + 5600. Let s be h(-8). Calculate the greatest common divisor of 322 and s.
14
Suppose 431 + 757 = l. Calculate the 